{"id":1667,"date":"2018-09-19T09:38:15","date_gmt":"2018-09-19T07:38:15","guid":{"rendered":"https:\/\/www.pauvrophobie.be\/?page_id=1667"},"modified":"2018-10-30T12:42:22","modified_gmt":"2018-10-30T11:42:22","slug":"les-partenaires","status":"publish","type":"page","link":"https:\/\/www.pauvrophobie.be\/index.php\/les-partenaires\/","title":{"rendered":"Les partenaires"},"content":{"rendered":"<p>[et_pb_section fb_built=\u00a0\u00bb1&Prime; disabled_on=\u00a0\u00bboff|off|off\u00a0\u00bb admin_label=\u00a0\u00bbFOND D\u00e9grad\u00e9\u00a0\u00bb _builder_version=\u00a0\u00bb3.15&Prime; background_image=\u00a0\u00bbhttp:\/\/ns3251244.ip-37-59-13.eu\/wp-dev\/wordpress\/wp-content\/uploads\/2018\/09\/OmbreTop.png\u00a0\u00bb custom_padding=\u00a0\u00bb0|0px|152px|0px|false|false\u00a0\u00bb custom_css_main_element=\u00a0\u00bbheight:32px;||width:100%;||z-index:11;||position:fixed;||top:0;||left:0; ||background-color:transparent;\u00a0\u00bb global_module=\u00a0\u00bb1708&Prime;][\/et_pb_section][et_pb_section fb_built=\u00a0\u00bb1&Prime; _builder_version=\u00a0\u00bb3.15&Prime; background_color=\u00a0\u00bb#000000&Prime;][et_pb_row _builder_version=\u00a0\u00bb3.0.48&Prime; background_size=\u00a0\u00bbinitial\u00a0\u00bb background_position=\u00a0\u00bbtop_left\u00a0\u00bb background_repeat=\u00a0\u00bbrepeat\u00a0\u00bb][et_pb_column type=\u00a0\u00bb4_4&Prime; _builder_version=\u00a0\u00bb3.0.47&Prime; parallax=\u00a0\u00bboff\u00a0\u00bb parallax_method=\u00a0\u00bbon\u00a0\u00bb][\/et_pb_column][\/et_pb_row][\/et_pb_section][et_pb_section fb_built=\u00a0\u00bb1&Prime; _builder_version=\u00a0\u00bb3.14&Prime; background_color=\u00a0\u00bb#000000&Prime; custom_padding=\u00a0\u00bb0px|0px|0|0px|false|false\u00a0\u00bb][et_pb_row _builder_version=\u00a0\u00bb3.14&Prime; module_alignment=\u00a0\u00bbcenter\u00a0\u00bb][et_pb_column type=\u00a0\u00bb4_4&Prime; _builder_version=\u00a0\u00bb3.0.47&Prime; parallax=\u00a0\u00bboff\u00a0\u00bb parallax_method=\u00a0\u00bbon\u00a0\u00bb][et_pb_image src=\u00a0\u00bbhttps:\/\/www.pauvrophobie.be\/wp-content\/uploads\/2018\/09\/Footer-Web-Sense-LF-1-1.png\u00a0\u00bb align=\u00a0\u00bbcenter\u00a0\u00bb admin_label=\u00a0\u00bbLOGOS SENSE et FORUM\u00a0\u00bb _builder_version=\u00a0\u00bb3.15&Prime; max_width=\u00a0\u00bb60%\u00a0\u00bb module_alignment=\u00a0\u00bbcenter\u00a0\u00bb][\/et_pb_image][et_pb_image src=\u00a0\u00bbhttps:\/\/www.pauvrophobie.be\/wp-content\/uploads\/2018\/10\/Partenaires.png\u00a0\u00bb align=\u00a0\u00bbcenter\u00a0\u00bb admin_label=\u00a0\u00bbLOGOS FINANCEURS\u00a0\u00bb _builder_version=\u00a0\u00bb3.17.1&Prime; max_width=\u00a0\u00bb80%\u00a0\u00bb module_alignment=\u00a0\u00bbcenter\u00a0\u00bb][\/et_pb_image][et_pb_text admin_label=\u00a0\u00bbUn projet du Forum Bruxelles contre les in\u00e9galit\u00e9s et de Sense Production\u00a0\u00bb _builder_version=\u00a0\u00bb3.17.1&Prime; text_font=\u00a0\u00bbText-SourceSansPro||||||||\u00a0\u00bb text_text_color=\u00a0\u00bb#ffffff\u00a0\u00bb text_font_size=\u00a0\u00bb14px\u00a0\u00bb text_line_height=\u00a0\u00bb1.5em\u00a0\u00bb text_orientation=\u00a0\u00bbcenter\u00a0\u00bb]<\/p>\n<p style=\"text-align: center;\"><strong>Un projet du\u00a0<a style=\"background-color: #e2e63e;\" href=\"http:\/\/www.le-forum.org\/\" target=\"_blank\" rel=\"noopener\">Forum &#8211; Bruxelles contre les in\u00e9galit\u00e9s<\/a><br \/> et de <span style=\"background-color: #e2e63e; color: #000000;\">Sense Production<\/span><\/strong><\/p>\n<p style=\"text-align: center;\"><span style=\"background-color: #e2e63e; color: #000000;\"><strong>Produit par Sense Production<\/strong><\/span><\/p>\n<p style=\"text-align: center;\">Projet men\u00e9 en partenariat avec\u00a0<strong><span style=\"background-color: #e2e63e;\"><a style=\"background-color: #e2e63e;\" href=\"https:\/\/www.cera.be\/\" target=\"_blank\" rel=\"noopener\">la Coop\u00e9rative CERA<\/a><\/span><\/strong><\/p>\n<p style=\"text-align: center;\">Avec le soutien de la <span style=\"background-color: #e2e63e;\"><strong><a style=\"background-color: #e2e63e;\" href=\"http:\/\/www.ccc-ggc.brussels\/\" target=\"_blank\" rel=\"noopener\">Commission communautaire commune de la R\u00e9gion de Bruxelles-Capitale<\/a><\/strong><\/span><\/p>\n<p style=\"text-align: center;\">Avec le soutien de\u00a0<span style=\"background-color: #e2e63e;\"><strong><a style=\"background-color: #e2e63e;\" href=\"http:\/\/www.federation-wallonie-bruxelles.be\/\" target=\"_blank\" rel=\"noopener\">la F\u00e9d\u00e9ration Wallonie-Bruxelles<\/a><\/strong><\/span><\/p>\n<p style=\"text-align: center;\">Avec le soutien de <span style=\"background-color: #e2e63e; color: #000000;\"><strong>4Wings Foundation<\/strong><\/span><\/p>\n<p style=\"text-align: center;\">Avec l&rsquo;aide du\u00a0<span style=\"background-color: #e2e63e;\"><strong><a style=\"background-color: #e2e63e;\" href=\"http:\/\/www.fnrs.be\/index.php\/financements\/diffusion-et-publications\/fonds-isdt-wernaers\" target=\"_blank\" rel=\"noopener\">Fonds international Wernaers pour la recherche et la diffusion des connaissances<\/a><\/strong><\/span><\/p>\n<p style=\"text-align: center;\">Avec le soutien de la\u00a0<strong><span style=\"background-color: #e2e63e;\"><a style=\"background-color: #e2e63e;\" href=\"http:\/\/be.brussels\/a-propos-de-la-region\/les-institutions-communautaires-a-bruxelles\/cocof\" target=\"_blank\" rel=\"noopener\">Commission communautaire fran\u00e7aise<\/a>\u00a0<\/span><\/strong><\/p>\n<p>[\/et_pb_text][\/et_pb_column][\/et_pb_row][\/et_pb_section]<\/p>\n","protected":false},"excerpt":{"rendered":"<p>Un projet du\u00a0Forum &#8211; Bruxelles contre les in\u00e9galit\u00e9s et de Sense Production Produit par Sense Production Projet men\u00e9 en partenariat avec\u00a0la Coop\u00e9rative CERA Avec le soutien de la Commission communautaire commune de la R\u00e9gion de Bruxelles-Capitale Avec le soutien de\u00a0la F\u00e9d\u00e9ration Wallonie-Bruxelles Avec le soutien de 4Wings Foundation Avec l&rsquo;aide du\u00a0Fonds international Wernaers pour la [&hellip;]<\/p>\n","protected":false},"author":1,"featured_media":0,"parent":0,"menu_order":0,"comment_status":"closed","ping_status":"closed","template":"","meta":{"_et_pb_use_builder":"on","_et_pb_old_content":"","_et_gb_content_width":"","footnotes":""},"class_list":["post-1667","page","type-page","status-publish","hentry"],"_links":{"self":[{"href":"https:\/\/www.pauvrophobie.be\/index.php\/wp-json\/wp\/v2\/pages\/1667","targetHints":{"allow":["GET"]}}],"collection":[{"href":"https:\/\/www.pauvrophobie.be\/index.php\/wp-json\/wp\/v2\/pages"}],"about":[{"href":"https:\/\/www.pauvrophobie.be\/index.php\/wp-json\/wp\/v2\/types\/page"}],"author":[{"embeddable":true,"href":"https:\/\/www.pauvrophobie.be\/index.php\/wp-json\/wp\/v2\/users\/1"}],"replies":[{"embeddable":true,"href":"https:\/\/www.pauvrophobie.be\/index.php\/wp-json\/wp\/v2\/comments?post=1667"}],"version-history":[{"count":13,"href":"https:\/\/www.pauvrophobie.be\/index.php\/wp-json\/wp\/v2\/pages\/1667\/revisions"}],"predecessor-version":[{"id":2806,"href":"https:\/\/www.pauvrophobie.be\/index.php\/wp-json\/wp\/v2\/pages\/1667\/revisions\/2806"}],"wp:attachment":[{"href":"https:\/\/www.pauvrophobie.be\/index.php\/wp-json\/wp\/v2\/media?parent=1667"}],"curies":[{"name":"wp","href":"https:\/\/api.w.org\/{rel}","templated":true}]}}

<p>[et_pb_section fb_built= »1&Prime; disabled_on= »off|off|off » admin_label= »FOND Dégradé » _builder_version= »3.15&Prime; background_image= »http://ns3251244.ip-37-59-13.eu/wp-dev/wordpress/wp-content/uploads/2018/09/OmbreTop.png » custom_padding= »0|0px|152px|0px|false|false » custom_css_main_element= »height:32px;||width:100%;||z-index:11;||position:fixed;||top:0;||left:0; ||background-color:transparent; » global_module= »1708&Prime;][/et_pb_section][et_pb_section fb_built= »1&Prime; _builder_version= »3.15&Prime; background_color= »#000000&Prime;][et_pb_row _builder_version= »3.0.48&Prime; background_size= »initial » background_position= »top_left » background_repeat= »repeat »][et_pb_column type= »4_4&Prime; _builder_version= »3.0.47&Prime; parallax= »off » parallax_method= »on »][/et_pb_column][/et_pb_row][/et_pb_section][et_pb_section fb_built= »1&Prime; _builder_version= »3.14&Prime; background_color= »#000000&Prime; custom_padding= »0px|0px|0|0px|false|false »][et_pb_row _builder_version= »3.14&Prime; module_alignment= »center »][et_pb_column type= »4_4&Prime; _builder_version= »3.0.47&Prime; parallax= »off » parallax_method= »on »][et_pb_image src= »https://www.pauvrophobie.be/wp-content/uploads/2018/09/Footer-Web-Sense-LF-1-1.png » align= »center » admin_label= »LOGOS SENSE et FORUM » _builder_version= »3.15&Prime; max_width= »60% » module_alignment= »center »][/et_pb_image][et_pb_image src= »https://www.pauvrophobie.be/wp-content/uploads/2018/10/Partenaires.png » align= »center » admin_label= »LOGOS FINANCEURS » _builder_version= »3.17.1&Prime; max_width= »80% » module_alignment= »center »][/et_pb_image][et_pb_text admin_label= »Un projet du Forum Bruxelles contre les inégalités et de Sense Production » _builder_version= »3.17.1&Prime; text_font= »Text-SourceSansPro|||||||| » text_text_color= »#ffffff » text_font_size= »14px » text_line_height= »1.5em » text_orientation= »center »]</p>
<p style="text-align: center;"><strong>Un projet du <a style="background-color: #e2e63e;" href="http://www.le-forum.org/" target="_blank" rel="noopener">Forum &#8211; Bruxelles contre les inégalités</a><br /> et de <span style="background-color: #e2e63e; color: #000000;">Sense Production</span></strong></p>
<p style="text-align: center;"><span style="background-color: #e2e63e; color: #000000;"><strong>Produit par Sense Production</strong></span></p>
<p style="text-align: center;">Projet mené en partenariat avec <strong><span style="background-color: #e2e63e;"><a style="background-color: #e2e63e;" href="https://www.cera.be/" target="_blank" rel="noopener">la Coopérative CERA</a></span></strong></p>
<p style="text-align: center;">Avec le soutien de la <span style="background-color: #e2e63e;"><strong><a style="background-color: #e2e63e;" href="http://www.ccc-ggc.brussels/" target="_blank" rel="noopener">Commission communautaire commune de la Région de Bruxelles-Capitale</a></strong></span></p>
<p style="text-align: center;">Avec le soutien de <span style="background-color: #e2e63e;"><strong><a style="background-color: #e2e63e;" href="http://www.federation-wallonie-bruxelles.be/" target="_blank" rel="noopener">la Fédération Wallonie-Bruxelles</a></strong></span></p>
<p style="text-align: center;">Avec le soutien de <span style="background-color: #e2e63e; color: #000000;"><strong>4Wings Foundation</strong></span></p>
<p style="text-align: center;">Avec l&rsquo;aide du <span style="background-color: #e2e63e;"><strong><a style="background-color: #e2e63e;" href="http://www.fnrs.be/index.php/financements/diffusion-et-publications/fonds-isdt-wernaers" target="_blank" rel="noopener">Fonds international Wernaers pour la recherche et la diffusion des connaissances</a></strong></span></p>
<p style="text-align: center;">Avec le soutien de la <strong><span style="background-color: #e2e63e;"><a style="background-color: #e2e63e;" href="http://be.brussels/a-propos-de-la-region/les-institutions-communautaires-a-bruxelles/cocof" target="_blank" rel="noopener">Commission communautaire française</a> </span></strong></p>
<p>[/et_pb_text][/et_pb_column][/et_pb_row][/et_pb_section]</p>

<p>Un projet du Forum &#8211; Bruxelles contre les inégalités et de Sense Production Produit par Sense Production Projet mené en partenariat avec la Coopérative CERA Avec le soutien de la Commission communautaire commune de la Région de Bruxelles-Capitale Avec le soutien de la Fédération Wallonie-Bruxelles Avec le soutien de 4Wings Foundation Avec l&rsquo;aide du Fonds international Wernaers pour la [&hellip;]</p>
